37?
-5
What is -23 + 1 + 42 + -15 + -34 + -1?
-30
What is the value of 14 - (1 + 17 - (6 - -13))?
15
What is 27 + -43 + -24 + 79?
39
Calculate 35 - (8 - -58 - -10).
-41
(36 - (-49 + 3 + -23)) + -5
100
-5 - 0 - (28 + -14 + -10) - -61
52
Evaluate -10 - (-122 + 106) - (-12 + 1).
17
Evaluate (8 + (4 - -17) - -3) + -4.
28
Evaluate (5 - (7 + -4)) + 2 + 5 + 10.
19
-32 + (-20 - (31 - (-39 + 86)))
-36
What is (-18 - (-4 + -15 - 7)) + -7?
1
Calculate 49 - -46 - 21 - 136.
-62
Evaluate 66 + -70 + -42 - 13.
-59
What is 37 + (44 + -39 - 13)?
29
Evaluate 44 + -52 + -13 + 72.
51
Calculate -58 + (-5 + -77 - -69).
-71
What is the value of 0 + -4 - 2 - (-36 - (45 - 9 - -74))?
140
Calculate (-973 - -951) + (65 - 3).
40
What is 70 - 29 - 80 - (9 + -84)?
36
(-23 + (10 - (-13 - -16)) - -16) + (2 - 31)
-29
What is (8 - 12 - -2) + (-10 - (-3 - 47)) + -2?
36
Calculate -5 - (-7 - -3) - 9 - (-12 - (-6 - -9)).
5
What is the value of (-7 + -55 - -73) + -12?
-1
1 + -67 + 7 + 19
-40
Calculate (6 - 4 - (-88 - -106)) + (43 - 1).
26
What is -13 + 15 + -15 + -15 + 33?
5
What is -2 + 2 - -5 - (-59 - (-130 - -66))?
0
Evaluate -3 - 78 - (10 - (0 + 9) - 14 - -9).
-77
Evaluate (-5 - 0 - 1) + 22 + -32 + (3 - -6).
-7
Evaluate 28 - ((-7 - -4) + 29).
2
Calculate (0 - 55) + (-67 - -166).
44
Calculate (5 + 9 - (4 - -32)) + 18.
-4
Calculate (-19 - -70) + -44 + -37.
-30
Calculate 8 + 9 + -24 + (10 + -4 - 2) - -56.
53
What is (1 + 31 - (70 - 66)) + (12 - (1 - -3))?
36
Evaluate 15 - ((-10 - -10 - (18 - 16)) + 77).
-60
(-29 - (34 + -64 - -13)) + (-32 - (0 - 0))
-44
-33 - (12 - 5 - 8) - (2 - 8)
-26
Calculate (123 - -28 - 160) + 45 + (-2 - (-5 - -2)).
37
Calculate 3 + (-24 - (6 + -22) - (4 + -24)).
15
What is the value of 0 + -14 + (-21 - -18) + -61?
-78
-47 + -99 + -6 + (-11 - -38)
-125
Evaluate 9 + (17 + (1 - -13) + 226 + -242 - 8).
16
Calculate (-6 - -30 - 25 - -4) + (1 - -59).
63
What is the value of 107 + 35 + (-5 - 3 - 36)?
98
Calculate (6 - 31) + (-4 - -19) + (55 - 60) + -4.
-19
Calculate 16 + (-20 - (29 - 32)) + (-102 - 4 - -1).
-106
Evaluate -4 + 9 + (56 - 43) + (-42 - -95).
71
Evaluate -93 + 10 + (19 - 6) + 9.
-61
Evaluate (-20 - 24) + -36 - ((-18 - 6) + 3).
-59
Calculate (-38 - (31 + 35)) + 140.
36
79 - -1 - (-3 + 37 - (15 - (-3 + -6)))
70
Evaluate 39 - (-14 - (-122 + (-44 - -36))).
-77
What is the value of -20 + (-325 - -342 - (-21 - 0))?
18
Evaluate (8 - (-5 + 48)) + -5 - (-31 - (-34 - -18)).
-25
(125 - 140 - (1 + -13 + 0)) + 0
-3
Calculate 14 + (-39 - (-4 + -41)) + 1 + -7.
14
What is 7 + -1 - (14 - (-16 + (87 - -18)))?
81
What is -68 + 42 + 57 + 26 + -29?
28
Evaluate 785 + -804 - (-5 + 2).
-16
What is 77 + -64 + 124 + -33?
104
What is (-53 + -1 - (-31 - 12)) + (8 - -1) + -2?
-4
Calculate -2 + (7 + 2 - (-2 + 2)) + 0 + 11.
18
What is (49 - (-32 - -39)) + -67?
-25
What is (-5 - 7) + (-145 - -126)?
-31
What is -11 + (-7 - 1 - (23 + 1 + -35)) + 82?
74
(-45 - 25 - -10) + -27
-87
-90 + (-28 - -31) + 51
-36
Evaluate (-39 + 29 + -105 - -17) + 11 + 2 + -3.
-88
Calculate 10 - 19 - (1 + 19) - (5 + -22).
-12
What is the value of -49 + 113 - 62 - (3 + -57)?
56
-5 + 43 + (-52 - -17) + (0 - 15)
-12
What is 12 + -14 + -57 - (-2 - 18)?
-39
1 + 32 + -9 - (-712 + 743)
-7
What is the value of -100 - (110 - 83) - -106?
-21
Evaluate (-15 + -11 + 3 - -11) + 9 + -1.
-4
What is 57 + (-5 + -7 - 1) + (-33 - -43)?
54
What is the value of 4 + (-41 - (-3 - 13 - -9)) + 2?
-28
What is the value of -70 - (-3 + 11 - (28 - (4 - -3)))?
-57
What is 35 - (95 + 41 + -133)?
32
9 - (-14 - (14 + 1 - (4 + 115)))
-81
36 + 24 + -63 + (2 - (52 - (-3 - -2)))
-54
-11 - (-13 + (9 - -4 - 7)) - 12
-16
What is -5 + (34 + 0 + 32 - (0 + 11))?
50
What is the value of (-1 - 2) + (-311 - -330) - 18?
-2
What is the value of -5 - -4 - (-76 + 16 + 10)?
49
7 + (-32 + 12 + (8 - 23) - -15)
-13
What is (15 - (41 - (19 + -8))) + 58 - 18?
25
What is the value of (-2 + 1 - -32) + (39 - (89 - 39))?
20
Evaluate (82 - -18) + -6 + 1 + 1 + 3.
99
Calculate 65 - (-160 - -108) - 21.
96
Evaluate -168 + 159 + -7 + 42 + -3.
23
Calculate 17 - ((8 + 14 - 12) + 13).
-6
2 + -2 + (29 - 7) + -7
15
What is 1 - 2 - (21 - (16 + 23 + -35))?
-18
What is the value of 6 + -63 + 2 + 12 + 20?
-23
-18 - ((20 - -1) + -7 + -7 + -10)
-15
What is the value of -8 + -3 - -7 - (20 + (22 - 15))?
-31
Calculate 10 - (-5 - -1) - (28 + -9) - -14.
9
What is the value of -22 - 23 - (-11 - -17)?
-51
(13 - 15 - 14 - (3 - 17)) + -3
-5
Evaluate -89 - (76 - 52 - (5 - -48)).
-60
5 + -7 + 2 + 34 + 247 + -251
30
Calculate (39 - -4 - 19) + -63.
-39
Evaluate 17 - 4 - (46 + -56 + 8 - -1).
14
What is -484 + 507 + -1 + -9 - ((5 - 16) + 5)?
19
(-125 - -26 - -82) + (-1 - (-12 - -3))
-9
(34 - (-3 + -18) - 34) + -5
16
Evaluate -423 + 287 - (-290 - -39).
115
55 - (-29 + -17 + 70)
31
Evaluate 81983 + -81963 - ((0 - 1) + 74).
-53
What is -53 + 27 - (23 + 38)?
-87
What is the value of -8 + (-5 - -21) - (-51 + 6)?
53
(-154 - -158) + 2 + 17 + -7 - 76
-60
-6 + (0 - -1) - (-23 + (-90 - 3 - -51))
60
Calculate 0 - ((26 + -35 - -98) + (-15 - -2)).
-76
Calculate -40 + 5 - (59 + -88).
-6
Evaluate -97 - -88 - (-4 - 15) - -6.
16
Evaluate -14 - ((20 + -85 - -41) + 5 + 89).
-84
What is 328 + -384 + -3 + (0 + 9 - 0)?
-50
What is 85 + -11 - (-51 - -107)?
18
What is the value of -105 + (-51 - -133 - 44)?
-67
Calculate 22 + 16 + -25 - (-5 + 59 + 2).
-43
Evaluate 23 - (-9 + -7 - (-26 - 0)).
13
What is -3 - (40 + (-79 - -21)) - 10?
5
What is the value of (-66 - 1) + 12 - -48?
-7
Calculate (85 - 109) + 0 + 13.
-11
(56 - (-38 - -101)) + 63
56
What is the value of 77 + (-8 + 38 - 13) + 4?
98
Calculate 65 + (-96 - -14) + 29 + -1.
11
Evaluate -33 + 195 + (39 - (31 - -53)).
117
What is the value of (-56 - -13) + 16 + 29?
2
What is the value of (-2369 - -2261) + (90 - -2)?
-16
What is -1 - 30 - (-112 + (250 - 129))?
-40
Evaluate -11 - (-6 + 14) - -23 - -2.
6
What is the value of -9 + -22 - (121 - 149)?
-3
-21 + 13 - (-4 - 3 - -18) - (-3 - -3)
-19
-7 + -4 + 6 + 16 - (30 + 18 + 4)
-41
What is the value of -111 + 162 + (5 - (12 - (2 + -5)))?
41
Evaluate 1 + -24 + (-37 + 47 - 79).
-92
Evaluate -35 - (5 - (10 - 7 - (-4 + 15) - -23)).
-25
What is (3923 - 3979) + 14 + -1?
-43
Evaluate 27 - ((-4 - -21) + -8 - (-10 - -6)).
14
33 + -34 + 104 + -3
100
Evaluate 5 + ((-101 - -65) + 41 - (0 - -90)).
-80
What is 3 + (22 - (30 + -7 + -28))?
30
What is -36 - -53 - (6 + 49)?
-38
What is -71 + (-16 - (-10 + 5 - 33))?
-49
Evaluate -6 + -175 + -1 + (71 - 25).
-136
What is the value of 32 + (-11 - 0) + -3 + -50?
-32
What is (-29 - -7) + -33 + -23?
-78
-46 - ((50 - 13 - 2) + -4)
-77
Calculate 63 + (-9 - 16 - -6 - 5 - -15).
54
What is the value of (-15 - (4 - (15 + 19))) + (0 - -46)?
61
What is the value of 142 - (245 - 118) - (-57 - 1)?
73
Calculate 7 + -1 + -17 + 59 + -86 + 34.
-4
What is the value of -584 + 540 + (5 - -2 - -48)?
11
Calculate 1 + -31 + (8 - 3) + (49 - 36) - 2.
-14
(-11 - -13) + 93 - (-1 - (-8 + -12))
76
Evaluate -1 + (-58 + 81 - (-4 - -154)).
-128
What is 2 + (9 - (-10 - (-5 - 5 - 5))) + -65?
-59
What is 0 - -41 - (362 + -75 + -288)?
42
What is the value of 10 + -73 + 67 - (-22 + -1)?
27
(-7 - (48 - (-15 - -33))) + (-1 - (2 - -2))
-42
Calculate (39 - -8) + 743 + -868.
-78
Calculate 14 - (-10 - (-10 - 26)).
-12
Evaluate -116 + 132 + 5 + (3 - 28).
-4
Calculate (9 - (2 + -7 + 24)) + 12 + 4.
6
7 + (2 + -7 - ((11 - 5) + -9)) - 40
-35
-1 + -18 + (48 - (-137 - -136))
30
What is the value of (13 - 21) + 7 - (-13 + -4)?
16
What is the value of (-14 - (-12 + -33)) + -23 - -54?
62
Evaluate (1 - 67) + -2 - (-96 - -77 - (-18 + 2)).
-65
What is the value of (-14 - -7) + 46 + (23 - 37)?
25
What is -42 + -71 - -51 - -23?
-39
What is -62 + (3 - (85 + -100 - (-12 - (-1 - 2))))?
-53
(0 - (-2 - (1 + -2))) + 213 + -204 - 23
-13
41 - 0 - (440 + -415)
16
Evaluate (-31 + 6 + 44 - (10 - -5)) + 14.
18
8 + (-1 - -2) + (-363 - -362) - (125 - 23)
-94
Calculate -71 - (-21 - (57 + 55)).
62
-10 - -26 - (46 + -10 + -1) - 44
-63
What is the value of -4 + 0 - ((6 - (-23 + 22)) + 2)?
-13
Calculate -48 - 3 - (-251 + 192).
8
143 - (-69 - -108) - 28
76
What is the value of -9 + (17 - ((15 + -42 - -15) + 7)) - -105?
118
Evaluate 1 + -29 - ((-52 - -222) + -135).
-63
What is the value of -8 - (26 + (-9 - 1 - -14) + -2)?
-36
What is the value of -2 - -5 - (-36 + -1 + 10 + -8)?
